. What is the thousands digit of o(-2)?
3
Let z(o) = -o**2 + 10*o + 18. Let w be z(13). Let v = w - -22. What is the units digit of ((-7)/(-28))/(v/(-68)*-1)?
7
Let l be 5/3*(-3 - -6). Suppose 5*i - l*q + 210 = -0*q, q = 5. Let k = -27 - i. What is the units digit of k?
0
Let i(q) = -q**3 + 4*q**2 + 31. Let c be i(-9). Suppose 56*k - 54*k = 5*t + 2165, -4*t - c = -k. What is the tens digit of k?
8
Let k(l) = 6*l**2 - 671*l + 643. What is the hundreds digit of k(124)?
6
Let t(j) = -j**3 - 3*j**2 - 5*j + 6. Let k be t(1). Let h(n) = 79*n**2 - 2*n + 5. What is the tens digit of h(k)?
2
Let s(j) = -25*j**2 + j + 1. Let a(f) be the second derivative of 49*f**4/12 - f**3/3 - f**2/2 + f. Let n(o) = 6*a(o) + 10*s(o). What is the tens digit of n(2)?
7
Suppose -o = 3*o + 20. Let k(g) = -24*g + 82. What is the hundreds digit of k(o)?
2
Let m(y) = 849*y + 1. Let b be m(-2). Let o be ((-15)/(-5) + b)/(-1). Suppose 10*v = o - 624. What is the units digit of v?
7
Suppose q + 1295 - 4209 = 0. Suppose 4*d + 20 = 0, -d - d - q = 2*b. What is the units digit of (-2)/(-4) + 7/((-56)/b)?
2
Suppose -2*o - 27316 = 4*v, -9 = v - 11. What is the units digit of 31/((-651)/o) - (-6)/14?
1
Suppose d = 3*h + 605 - 3, 0 = -4*d + 2*h + 2398. What is the tens digit of d?
9
Suppose 15 = 3*d, -3*v - 3*d + 6*d + 552 = 0. Let r(k) = 13*k**3 - 4*k**2 + 3*k - 2. Let b be r(3). Let n = b - v. What is the units digit of n?
3
Suppose 17*w = 47*w - 2850. Suppose -1100 = -o - 4*h, -5*h = -o + w + 1005. What is the hundreds digit of o?
1
Suppose 0 = 40*a - 365837 - 175283. What is the thousands digit of a?
3
Let p = -301 - -465. What is the units digit of 1/4 - (-68675)/p?
9
Let x = 120 + -106. Let r be (-3)/(-7) + 1254/x. Suppose -a + r = -163. What is the units digit of a?
3
Let a = -68 + 73. Suppose -14*l + 15*l = -2*u + 1488, 0 = -a*u + l + 3727. What is the hundreds digit of u?
7
Let f(n) = 18974*n**2 - 374*n + 8. What is the thousands digit of f(-2)?
6
Suppose -3*s + 5*s = -6. Let q be 2262/(-116)*4/(-3). Let a = s + q. What is the tens digit of a?
2
Suppose 0 = q + 5*l - 70261, -27*q + 32*q - 351479 = 4*l. What is the hundreds digit of q?
2
Suppose 162 = -12*i + 14*i. Let m(l) = 11 + i*l + 8 - 12. What is the tens digit of m(3)?
5
Let a(k) = 3*k**2 + 6*k + 8. Let m be a(-4). Suppose 3*l + 2*u - m = 18, l = u + 10. Suppose 42*i = 44*i - l. What is the units digit of i?
7
What is the hundreds digit of (-4011)/189 + 21 - (-404248)/18?
4
Suppose -100*r + 5868 = -107*r + 32601. What is the units digit of r?
9
Let v = 141 - 85. Suppose -195 - 246 = -21*b. Suppose -h + b = -v. What is the units digit of h?
7
Let o(z) = -7*z**3 - 2*z**2 + 1. Let n be o(-1). Suppose n*p - 4*p = -4*t + 366, 0 = 5*t + 4*p - 456. Let w = 184 - t. What is the units digit of w?
2
Let z(y) = -y**3 - 23*y**2 + 23*y + 20. Let n be z(-24). Suppose -106 - n = -s. What is the tens digit of s?
5
Suppose 4*h + 16 = 2*v + 2*v, 0 = -5*v + h + 24. Suppose -2*s = -3*l + 2192, 5*s = v*l + 8*s - 3666. What is the tens digit of l?
3
Let z = 981 - -977. What is the tens digit of z?
5
Let j be 4*2/(6/(-339)). Let r = j + 1108. What is the tens digit of r?
5
Let w(t) = -t + 1. Let r be w(1). Suppose -2*a = -h - 897, r = 5*a + 4*h + 403 - 2626. What is the hundreds digit of a?
4
Let z be (2 + -1 + 0)*591. What is the hundreds digit of (z + -43)*(-3)/(-4)?
4
Let m(q) = 48818*q**2 - 26*q + 1. What is the units digit of m(1)?
3
Let r(c) = -5*c**3 - 9*c**2 + 25*c + 141. Let u be r(-8). Let f = u - 896. What is the tens digit of f?
2
Let a = -9295 - -22117. What is the hundreds digit of a?
8
Suppose -3*j - 16*p = -18*p - 1104, 3*j = 5*p + 1086. What is the tens digit of j?
7
Let c(y) = -3*y**3 + y**2 - 3*y - 144. What is the tens digit of c(-13)?
5
Let c = 577 + 947. Suppose 4*u = -k + 390, 5*u - 3*u + c = 4*k. What is the units digit of k?
2
Let p(h) = -3*h**3 + 4*h**2 + 2*h. Let u be p(-3). Suppose -73 = l - 78, -2*l - 35 = -3*k. Let y = u - k. What is the units digit of y?
6
Let m(s) = -968*s**3 - 4*s**2 + 25*s + 28. What is the units digit of m(-1)?
7
Suppose 11*h = 14*h - 36. Suppose -19*p - 90 = -22*p. Suppose h = -3*l - 4*g - 2, 5*l = 4*g + p. What is the units digit of l?
2
Let a = 26767 + 9375. What is the hundreds digit of a?
1
Let x be 1*(647/(-5) + 45/(-75)). Let b = 437 - x. What is the hundreds digit of b?
5
Suppose 4*x + 8*x - 4*x = 0. Suppose 5*m - 5*a + 5 = x, m + 0*m + 2*a - 14 = 0. Suppose -5*v + 108 - 8 = -4*o, -m*v + 91 = -o. What is the tens digit of v?
2
Let i(h) = 4*h + 1 - 2*h + 4*h - 5*h. Let q(k) = 73*k**3 - k**2 - 4*k - 4. Let o(p) = -4*i(p) - q(p). What is the tens digit of o(-1)?
7
Let t(k) = 891*k**3 + 5*k**2 + 3*k - 20. Let d be t(-2). Let o be (1 + 0)/(1/(-27)). What is the units digit of 8/(-36) - (-4 - d/o)?
8
Suppose -44*s + 493334 = -263466. What is the units digit of s?
0
Suppose 0 = 7*w - 0*w - 1715. Let d be (-125)/(-1*1/2). Suppose -8*u + 3*u - 3*x = -d, 5*u + 4*x - w = 0. What is the units digit of u?
3
Suppose -4*w + 1736 = 4*v, -v + 434 = -w - 0*w. Suppose 620 + v = 2*y. What is the units digit of y?
7
Let i(s) = -4*s**2 - 4*s + 2*s - 7*s**2 + s**3 + 17*s**2. Let x(o) = o**3 - 4*o**2 + 2. Let u be x(2). What is the units digit of i(u)?
2
Let a = 104900 + -72319. What is the hundreds digit of a?
5
Suppose 217150 = -9*y + 3*v + 580804, -4*y + 161644 = 2*v. What is the tens digit of y?
0
Suppose 5895745 - 16038730 = -204*l - 15*l. What is the hundreds digit of l?
3
Let j(l) = -l**3 + 29*l**2 - 56*l + 58. Let b be j(27). Suppose 2*o = -b*y + 642, -8*y + 351 = o - 12*y. What is the hundreds digit of o?
3
Suppose -2*s = 0, -2*g = -5*g + s + 1665. Suppose g*l = 559*l - 1696. What is the hundreds digit of l?
4
Suppose -4*l + 148 = 7*v - 2*v, -5*l + 2*v + 152 = 0. Suppose n - 21120 = -l*n. What is the hundreds digit of n?
6
Let r be 185/35 + 2/(-7). Let p = 8 + 51. Suppose -4*o = 2*s - 7*o - p, r*s + 2*o = 157. What is the units digit of s?
1
Let b be (-16)/(-88) - 1/(22/(-71188)). Suppose -3*r + 636 = t, t + r - b = -4*t. What is the hundreds digit of t?
6
Let w be ((-5)/((-25)/4))/(3/15). Let t be 672 - 0 - (w - 8). Suppose -4*a - 158 = -x, -t = -4*x + 2*a + 3*a. What is the units digit of x?
4
Let g(p) = 652*p**3 - 7*p + 18. Let u be g(2). Suppose -u = -12*v + 8844. What is the units digit of v?
2
Let g be (28/(-6))/(6/(-27)). Suppose -6*c = g - 51. Suppose -3*u + 5*b + 202 = 0, 2*b = c*u + b - 322. What is the tens digit of u?
6
What is the ten thousands digit of (-2 - (-3911 - 2))*6 + 293/293?
2
Let p(f) = 7*f**2 - 5*f + 84. Let h(i) = i - 4. Let n(o) = 6*h(o) + p(o). What is the tens digit of n(13)?
5
What is the tens digit of (168/210)/(9/(-12) + 68630/91400)?
1
Suppose 5*b - 11802 = -4*v, 107*b + 7076 = 110*b + 5*v. What is the hundreds digit of b?
3
Suppose 0 = -4*r + 3*r. Suppose 0 = -4*i + 3*u + 18, 2*i + 2*u + u = r. Suppose -v + 97 = 2*k, i*k - 6*v = -4*v + 156. What is the units digit of k?
0
Suppose 281547 = 169*u - 160*u. What is the tens digit of u?
8
Let z(l) = -l**3 + 6*l**2 - 2*l + 19. Let m be z(10). Let d = -75 - m. What is the tens digit of d?
2
Let d = 101 - 98. Let c be -4*(0 - d)*8/16. Suppose -890 = r - c*r. What is the hundreds digit of r?
1
Let w(f) = -f**2 - 6*f + 5. Let m be w(-6). Suppose m*c + 4*c = 972. Let l = -70 + c. What is the tens digit of l?
3
Suppose -4*z - 25 + 33 = 0. What is the hundreds digit of (2758/(-21))/(z/(-9))?
5
Let d = 4690 - -4904. What is the units digit of d?
4
Let z(q) = -q**2 + 7*q + 4. Let o be z(8). Let a(d) = 3*d + 15. Let k be a(o). Suppose 4*p = -t + 570, 5*t = k*p - 292 - 147. What is the units digit of p?
3
Let p be 2 - 1077 - (1 + -2). Let b = p - -2005. What is the tens digit of b?
3
Let r(v) = -11196*v + 609. What is the tens digit of r(-3)?
9
Let l(x) = 8*x - 143. Let z(r) = -2*r + 1. Let q(h) = l(h) - 6*z(h). What is the units digit of q(20)?
1
Let h(t) = 20*t**2 - 13*t + 4. Let r(u) = 21*u**2 - 14*u + 6. Let k(q) = 6*h(q) - 5*r(q). What is the tens digit of k(-6)?
8
Let q = -746 + 748. Suppose 0 = -12*l + q*l + 4360. What is the tens digit of l?
3
Let v = 2631 - 1851. Let k = -352 + v. What is the hundreds digit of k?
4
Suppose t = 4*h + 9419 + 11240, -t + 3*h + 20663 = 0. What is the hundreds digit of t?
6
Suppose -15*p -